{"id":998,"date":"2017-09-15T20:29:43","date_gmt":"2017-09-15T18:29:43","guid":{"rendered":"https:\/\/daremtec.com\/?post_type=product&#038;p=998"},"modified":"2023-01-19T06:21:13","modified_gmt":"2023-01-19T06:21:13","slug":"gestion-de-la-qualite","status":"publish","type":"product","link":"https:\/\/daremtec.com\/daremtec\/produit\/gestion-de-la-qualite\/","title":{"rendered":"Gestion de la qualit\u00e9"},"content":{"rendered":"<h2>Pr\u00e9sentation du cours<\/h2>\n<p>Ce cours introduit aux participants les principaux concepts de la gestion de la qualit\u00e9 : qualit\u00e9 des produits et services, contr\u00f4le de la qualit\u00e9, assurance qualit\u00e9, la qualit\u00e9 totale.<\/p>\n<h2>A qui est destin\u00e9 ce cours ?<\/h2>\n<p>A toute personne d\u00e9sirant acqu\u00e9rir la vision globale de fonctionnement d\u2019une entreprise ou d\u2019une organisation \u00e0 but non lucratif :<\/p>\n<ul>\n<li>Cadres dirigeants,<\/li>\n<li>Porteurs et gestionnaire de projet ou de programmes,<\/li>\n<li>Etudiants en Bachelor ou Master en \u00e9conomie et gestion,<\/li>\n<li>Consultants en entreprise<\/li>\n<\/ul>\n<h2>Objectifs d\u2019apprentissage<\/h2>\n<p>Au terme de ce cours, les participants pourront:<\/p>\n<ul>\n<li>Comprendre le concept de changement<\/li>\n<li>Comprendre et utiliser les concepts de gestion de la qualit\u00e9<\/li>\n<li>Identifier les composants cl\u00e9s d&#8217;un syst\u00e8me de gestion de la qualit\u00e9<\/li>\n<li>D\u00e9crire les facteurs qui font \u00e9chouer les syst\u00e8mes de gestion de la qualit\u00e9<\/li>\n<li>Comprendre les principes de normalisation et d&#8217;\u00e9valuation de la conformit\u00e9<\/li>\n<li>\u00c9laborer une approche centr\u00e9e sur la qualit\u00e9 pour mettre en \u0153uvre la qualit\u00e9<\/li>\n<\/ul>\n<h2>Th\u00e8mes abord\u00e9s<\/h2>\n<ul>\n<li>Introduction<\/li>\n<li>Organisation et qualit\u00e9<\/li>\n<li>Le p\u00e9rim\u00e8tre du syst\u00e8me de gestion de la qualit\u00e9<\/li>\n<li>Les composants du syst\u00e8me de gestion de la qualit\u00e9<\/li>\n<\/ul>\n<h2>Ce que vous recevez<\/h2>\n<ul>\n<li>76 diapositives<\/li>\n<li>Manuel du participant<\/li>\n<\/ul>\n","protected":false},"excerpt":{"rendered":"<p>Pr\u00e9sentation du cours Ce cours introduit aux participants les principaux concepts de la gestion de la qualit\u00e9 : qualit\u00e9 des produits et services, contr\u00f4le de la qualit\u00e9, assurance qualit\u00e9, la qualit\u00e9 totale. A qui est destin\u00e9 ce cours ? A toute personne d\u00e9sirant acqu\u00e9rir la vision globale de fonctionnement d\u2019une entreprise ou d\u2019une organisation \u00e0&#8230;<\/p>\n","protected":false},"featured_media":3199,"comment_status":"open","ping_status":"closed","template":"","meta":[],"product_cat":[37],"product_tag":[],"class_list":["post-998","product","type-product","status-publish","has-post-thumbnail","hentry","product_cat-telecharger-des-formations"],"_links":{"self":[{"href":"https:\/\/daremtec.com\/daremtec\/wp-json\/wp\/v2\/product\/998","targetHints":{"allow":["GET"]}}],"collection":[{"href":"https:\/\/daremtec.com\/daremtec\/wp-json\/wp\/v2\/product"}],"about":[{"href":"https:\/\/daremtec.com\/daremtec\/wp-json\/wp\/v2\/types\/product"}],"replies":[{"embeddable":true,"href":"https:\/\/daremtec.com\/daremtec\/wp-json\/wp\/v2\/comments?post=998"}],"wp:featuredmedia":[{"embeddable":true,"href":"https:\/\/daremtec.com\/daremtec\/wp-json\/wp\/v2\/media\/3199"}],"wp:attachment":[{"href":"https:\/\/daremtec.com\/daremtec\/wp-json\/wp\/v2\/media?parent=998"}],"wp:term":[{"taxonomy":"product_cat","embeddable":true,"href":"https:\/\/daremtec.com\/daremtec\/wp-json\/wp\/v2\/product_cat?post=998"},{"taxonomy":"product_tag","embeddable":true,"href":"https:\/\/daremtec.com\/daremtec\/wp-json\/wp\/v2\/product_tag?post=998"}],"curies":[{"name":"wp","href":"https:\/\/api.w.org\/{rel}","templated":true}]}}