{"id":996,"date":"2017-09-15T20:25:49","date_gmt":"2017-09-15T18:25:49","guid":{"rendered":"https:\/\/daremtec.com\/?post_type=product&#038;p=996"},"modified":"2023-01-19T06:23:58","modified_gmt":"2023-01-19T06:23:58","slug":"gestion-strategique-et-mesure-de-la-performance","status":"publish","type":"product","link":"https:\/\/daremtec.com\/daremtec\/produit\/gestion-strategique-et-mesure-de-la-performance\/","title":{"rendered":"Gestion strat\u00e9gique et  mesure de la performance"},"content":{"rendered":"<h2>Pr\u00e9sentation du cours<\/h2>\n<p>Ce cours offre aux participants l\u2019opportunit\u00e9 d\u2019approfondir les fondements th\u00e9oriques de la gestion strat\u00e9gique et de la mesure de la performance organisationnelle. Et ce, dans le contexte actuel de mondialisation et de forte intensit\u00e9 concurrentielle. Cet enseignement met l&#8217;accent sur deux outils et syst\u00e8mes de planification et de pilotage strat\u00e9gique, \u00e0 savoir : le Balanced scorecard et la carte strat\u00e9gique qui int\u00e8grent, \u00e0 la fois, des indicateurs cl\u00e9s de performance (KPI) financiers et non financiers.<\/p>\n<h2>A qui est destin\u00e9 ce cours ?<\/h2>\n<p>A toute personne d\u00e9sirant acqu\u00e9rir la vision globale de fonctionnement d\u2019une entreprise ou d\u2019une organisation \u00e0 but non lucratif. :<\/p>\n<ul>\n<li>Cadres dirigeants,<\/li>\n<li>Porteurs et gestionnaires de projet ou de programmes,<\/li>\n<li>Etudiants en Bachelor ou Master en \u00e9conomie et gestion,<\/li>\n<li>Consultants en entreprise<\/li>\n<\/ul>\n<h2>Objectifs d\u2019apprentissage<\/h2>\n<p>Au terme de ce cours, les participants pourront:<\/p>\n<ul>\n<li>Comprendre l\u2019importance de mesurer la performance organisationnelle<\/li>\n<li>Comprendre la n\u00e9cessit\u00e9 de piloter la strat\u00e9gie<\/li>\n<li>Identifier les facteurs cl\u00e9s de succ\u00e8s et les pi\u00e8ges des syst\u00e8mes de performance<\/li>\n<li>Construire et mettre en place le syst\u00e8me de gestion de performance et de la strat\u00e9gie<\/li>\n<\/ul>\n<h2>Th\u00e8mes abord\u00e9s<\/h2>\n<ul>\n<li>Introduction aux fondements th\u00e9oriques de la mesure de la performance<\/li>\n<li>Les cinq fonctions essentielles de la gestion strat\u00e9gique<\/li>\n<li>Quels sont les \u00e9l\u00e9ments indispensables pour le pilotage de l\u2019entreprise<\/li>\n<li>Pr\u00e9sentation du balanced scorecard<\/li>\n<li>Communication et \u00e9quipe du management strat\u00e9gique<\/li>\n<\/ul>\n<h2>Ce que vous recevez<\/h2>\n<ul>\n<li>76 diapositives<\/li>\n<li>Manuel du participant<\/li>\n<\/ul>\n<div class=\"moduletable\"><\/div>\n","protected":false},"excerpt":{"rendered":"<p>Pr\u00e9sentation du cours Ce cours offre aux participants l\u2019opportunit\u00e9 d\u2019approfondir les fondements th\u00e9oriques de la gestion strat\u00e9gique et de la mesure de la performance organisationnelle. Et ce, dans le contexte actuel de mondialisation et de forte intensit\u00e9 concurrentielle. Cet enseignement met l&#8217;accent sur deux outils et syst\u00e8mes de planification et de pilotage strat\u00e9gique, \u00e0 savoir&#8230;<\/p>\n","protected":false},"featured_media":3199,"comment_status":"open","ping_status":"closed","template":"","meta":[],"product_cat":[37],"product_tag":[],"class_list":["post-996","product","type-product","status-publish","has-post-thumbnail","hentry","product_cat-telecharger-des-formations"],"_links":{"self":[{"href":"https:\/\/daremtec.com\/daremtec\/wp-json\/wp\/v2\/product\/996","targetHints":{"allow":["GET"]}}],"collection":[{"href":"https:\/\/daremtec.com\/daremtec\/wp-json\/wp\/v2\/product"}],"about":[{"href":"https:\/\/daremtec.com\/daremtec\/wp-json\/wp\/v2\/types\/product"}],"replies":[{"embeddable":true,"href":"https:\/\/daremtec.com\/daremtec\/wp-json\/wp\/v2\/comments?post=996"}],"wp:featuredmedia":[{"embeddable":true,"href":"https:\/\/daremtec.com\/daremtec\/wp-json\/wp\/v2\/media\/3199"}],"wp:attachment":[{"href":"https:\/\/daremtec.com\/daremtec\/wp-json\/wp\/v2\/media?parent=996"}],"wp:term":[{"taxonomy":"product_cat","embeddable":true,"href":"https:\/\/daremtec.com\/daremtec\/wp-json\/wp\/v2\/product_cat?post=996"},{"taxonomy":"product_tag","embeddable":true,"href":"https:\/\/daremtec.com\/daremtec\/wp-json\/wp\/v2\/product_tag?post=996"}],"curies":[{"name":"wp","href":"https:\/\/api.w.org\/{rel}","templated":true}]}}