{"id":687,"date":"2017-07-22T13:00:15","date_gmt":"2017-07-22T11:00:15","guid":{"rendered":"https:\/\/daremtec.com\/?post_type=product&#038;p=450"},"modified":"2023-01-19T06:28:25","modified_gmt":"2023-01-19T06:28:25","slug":"conduite-du-changement","status":"publish","type":"product","link":"https:\/\/daremtec.com\/daremtec\/produit\/conduite-du-changement\/","title":{"rendered":"Conduite du  changement"},"content":{"rendered":"<h2>Pr\u00e9sentation de l\u2019atelier<\/h2>\n<p>Cet atelier offre aux participants un cadre et des outils pour piloter le changement organisationnel. L\u2019accent est mis sur la pose du diagnostic organisationnelle et sur les modalit\u00e9s d\u2019intervention du consultant.<\/p>\n<h2>A qui est destin\u00e9 cet atelier ?<\/h2>\n<p>A toute personne d\u00e9sirant acqu\u00e9rir la vision globale de fonctionnement d\u2019une entreprise ou d\u2019une organisation \u00e0 but non lucratif. :<\/p>\n<ul>\n<li>Cadres dirigeants,<\/li>\n<li>Responsable de processus<\/li>\n<li>Porteurs et gestionnaire de projet ou de programmes<\/li>\n<li>Etudiants en Bachelor ou Master en \u00e9conomie et gestion (MBA)<\/li>\n<li>Consultants en entreprise<\/li>\n<\/ul>\n<h2>Objectifs d\u2019apprentissage<\/h2>\n<p>Au terme de cet atelier, les participants pourront:<\/p>\n<ul>\n<li>Comprendre le besoin de changement et les \u00e9tapes cl\u00e9s<\/li>\n<li>Comprendre les causes et la nature des r\u00e9sistances<\/li>\n<li>Conduire l\u2019analyse aux niveaux individuel, collectif et syst\u00e9mique<\/li>\n<li>Mieux anticiper les risques, argumenter et communiquer<\/li>\n<li>Impliquer tous les acteurs<\/li>\n<li>Mettre en place le changement et le piloter<\/li>\n<\/ul>\n<p>D\u00e9montrer de l&#8217;agilit\u00e9 et de la r\u00e9silience pour motiver les autres \u00e0 suivre toute initiative de changement<\/p>\n<h2>Th\u00e8mes abord\u00e9s<\/h2>\n<ul>\n<li>Fondamentaux de la conduite du changement<\/li>\n<li>Gestion des hommes et des r\u00e9sistances<\/li>\n<li>Elaboration du projet du changement<\/li>\n<li>Communication et mise en \u0153uvre du projet de conduite du changement<\/li>\n<li>La cellule de conduite du changement et sa d\u00e9marche d\u2019intervention<\/li>\n<\/ul>\n","protected":false},"excerpt":{"rendered":"<p>Dur\u00e9e:Nombre de participants :<\/p>\n<table class=\"table table-bordered\" border=\"1\" width=\"100%\">\n<tbody>\n<tr>\n<td>3 jours<\/td>\n<td>12 personnes maximum<\/td>\n<\/tr>\n<\/tbody>\n<\/table>\n","protected":false},"featured_media":3199,"comment_status":"open","ping_status":"closed","template":"","meta":[],"product_cat":[33],"product_tag":[],"class_list":["post-687","product","type-product","status-publish","has-post-thumbnail","hentry","product_cat-ateliers-en-entreprise"],"_links":{"self":[{"href":"https:\/\/daremtec.com\/daremtec\/wp-json\/wp\/v2\/product\/687","targetHints":{"allow":["GET"]}}],"collection":[{"href":"https:\/\/daremtec.com\/daremtec\/wp-json\/wp\/v2\/product"}],"about":[{"href":"https:\/\/daremtec.com\/daremtec\/wp-json\/wp\/v2\/types\/product"}],"replies":[{"embeddable":true,"href":"https:\/\/daremtec.com\/daremtec\/wp-json\/wp\/v2\/comments?post=687"}],"wp:featuredmedia":[{"embeddable":true,"href":"https:\/\/daremtec.com\/daremtec\/wp-json\/wp\/v2\/media\/3199"}],"wp:attachment":[{"href":"https:\/\/daremtec.com\/daremtec\/wp-json\/wp\/v2\/media?parent=687"}],"wp:term":[{"taxonomy":"product_cat","embeddable":true,"href":"https:\/\/daremtec.com\/daremtec\/wp-json\/wp\/v2\/product_cat?post=687"},{"taxonomy":"product_tag","embeddable":true,"href":"https:\/\/daremtec.com\/daremtec\/wp-json\/wp\/v2\/product_tag?post=687"}],"curies":[{"name":"wp","href":"https:\/\/api.w.org\/{rel}","templated":true}]}}