{"id":3182,"date":"2019-01-28T14:28:54","date_gmt":"2019-01-28T13:28:54","guid":{"rendered":"https:\/\/daremtec.com\/?post_type=product&#038;p=3182"},"modified":"2023-01-19T06:17:14","modified_gmt":"2023-01-19T06:17:14","slug":"telechargez-un-modele-de-plan-daffaires","status":"publish","type":"product","link":"https:\/\/daremtec.com\/daremtec\/produit\/telechargez-un-modele-de-plan-daffaires\/","title":{"rendered":"T\u00e9l\u00e9chargez un mod\u00e8le de plan d&#8217;affaires"},"content":{"rendered":"<p>Ce mod\u00e8le est con\u00e7u pour vous aider \u00e0 r\u00e9diger rapidement et efficacement votre plan d\u2019affaires personnalis\u00e9; compl\u00e9tez simplement les informations cl\u00e9s dont vous avez besoin et vous avez termin\u00e9. Nous restons \u00e0 votre disposition si vous avez besoin d&#8217;assistance ou d&#8217;informations suppl\u00e9mentaires.<\/p>\n<p>N\u2019h\u00e9sitez pas \u00e0 nous contacter \u00e0 info@daremtec.com!<\/p>\n","protected":false},"excerpt":{"rendered":"<p>Acheter un business plan d\u00e9j\u00e0 \u00e9crit est une aberration, c\u2019est comme utiliser une ordonnance m\u00e9dicale destin\u00e9e \u00e0 quelqu\u2019un d\u2019autre. R\u00e9digez le vous-m\u00eame ou confiez-nous sa r\u00e9daction\u00a0!<\/p>\n","protected":false},"featured_media":3192,"comment_status":"open","ping_status":"closed","template":"","meta":[],"product_cat":[28],"product_tag":[],"class_list":["post-3182","product","type-product","status-publish","has-post-thumbnail","hentry","product_cat-non-classe"],"_links":{"self":[{"href":"https:\/\/daremtec.com\/daremtec\/wp-json\/wp\/v2\/product\/3182","targetHints":{"allow":["GET"]}}],"collection":[{"href":"https:\/\/daremtec.com\/daremtec\/wp-json\/wp\/v2\/product"}],"about":[{"href":"https:\/\/daremtec.com\/daremtec\/wp-json\/wp\/v2\/types\/product"}],"replies":[{"embeddable":true,"href":"https:\/\/daremtec.com\/daremtec\/wp-json\/wp\/v2\/comments?post=3182"}],"wp:featuredmedia":[{"embeddable":true,"href":"https:\/\/daremtec.com\/daremtec\/wp-json\/wp\/v2\/media\/3192"}],"wp:attachment":[{"href":"https:\/\/daremtec.com\/daremtec\/wp-json\/wp\/v2\/media?parent=3182"}],"wp:term":[{"taxonomy":"product_cat","embeddable":true,"href":"https:\/\/daremtec.com\/daremtec\/wp-json\/wp\/v2\/product_cat?post=3182"},{"taxonomy":"product_tag","embeddable":true,"href":"https:\/\/daremtec.com\/daremtec\/wp-json\/wp\/v2\/product_tag?post=3182"}],"curies":[{"name":"wp","href":"https:\/\/api.w.org\/{rel}","templated":true}]}}