{"id":1010,"date":"2017-09-15T20:38:01","date_gmt":"2017-09-15T20:38:01","guid":{"rendered":"https:\/\/daremtec.com\/?post_type=product&#038;p=1010"},"modified":"2023-01-23T09:05:28","modified_gmt":"2023-01-23T09:05:28","slug":"diagnostic-approfondi-2","status":"publish","type":"product","link":"https:\/\/daremtec.com\/daremtec\/produit\/diagnostic-approfondi-2\/","title":{"rendered":"DIAGNOSTIC APPROFONDI"},"content":{"rendered":"<div class=\"entry-content\">\n<div class=\"corner1-bottom-right clear\">\n<div class=\"wrapper-title\"><\/div>\n<div class=\"article-indent\">\n<div class=\"clear\">\n<h3>Diagnostic et services de consultation<\/h3>\n<p style=\"text-align: justify;\"><img decoding=\"async\" style=\"margin-right: 15px; float: left;\" src=\"https:\/\/daremtec.com\/wp-content\/uploads\/2017\/07\/through.jpg\" alt=\"digno1\" width=\"30%\" \/>Les PME repr\u00e9sentent plus de 95% de toutes les entreprises de l\u2019\u00e9conomie globale, mais en m\u00eame temps, les statistiques montrent que 8 sur 10 startups disparaissent au cours des 3 premi\u00e8res ann\u00e9es. Une fois que les financements de lancement ont \u00e9t\u00e9 absorb\u00e9s, les PME n\u2019arrivent plus \u00e0 faire face aux nombreux d\u00e9fis quotidiens, notamment: co\u00fbts plus \u00e9lev\u00e9s que les recettes, tarissement des ressources financi\u00e8res, p\u00e9nurie de comp\u00e9tences et d\u2019expertise.<\/p>\n<p>Chez Daremtec, notre mission est d\u2019assister les entrepreneurs afin qu\u2019ils d\u00e9veloppent leurs affaires de mani\u00e8re p\u00e9renne. Et ce, gr\u00e2ce \u00e0 notre syst\u00e8me et aux outils d\u2019\u00e9valuation que nous mettons en place pour l\u2019analyse des forces et faiblesses dans les domaines de la gestion de la performance, les ressources humaines, la gestion financi\u00e8re et la productivit\u00e9.<\/p>\n<h3>Quels sont vos besoins sp\u00e9cifiques?<\/h3>\n<p>Nous pouvons vous aider si vous vous posez les questions suivantes:<\/p>\n<ul>\n<li>Combien vaut mon entreprise sur le march\u00e9?<\/li>\n<li>Quelle est la valeur marchande de ma soci\u00e9t\u00e9 en cas de transfert, de traitement ou de vente.<\/li>\n<li>Comment s\u2019adapter \u00e0 l\u2019\u00e9volution du march\u00e9.<\/li>\n<li>Comment am\u00e9liorer la rentabilit\u00e9.<\/li>\n<li>Comment am\u00e9liorer la rentr\u00e9e des ressources financi\u00e8res et la rentabilit\u00e9.<\/li>\n<li>Quelles sont les lacunes qui m\u2019emp\u00eachent de progresser?<\/li>\n<li>Comment prendre une d\u00e9cision efficace ?<\/li>\n<li>Comment conserver les clients?<\/li>\n<li>Comment conserver mes employ\u00e9s qualifi\u00e9s?<\/li>\n<\/ul>\n<h3>Nos solutions :<\/h3>\n<p>Notre \u00e9quipe d\u2019experts effectuera un diagnostic complet des activit\u00e9s de 3 \u00e9tapes distinctes:<\/p>\n<ul>\n<li>Analyse de la situation: pour nous fournir un instantan\u00e9 de l\u2019entreprise dans son \u00e9tat actuel<\/li>\n<li>Session de planification d\u2019action: r\u00e9diger un plan d\u2019avenir pour travailler sur l\u2019entreprise<\/li>\n<li>D\u00e9cision et mise en \u0153uvre compl\u00e8te du plan<\/li>\n<\/ul>\n<p style=\"text-align: justify;\">Confiez \u00e0 nos experts une analyse ind\u00e9pendante de votre entreprise et de votre processus de gestion de la qualit\u00e9 pour identifier les probl\u00e8mes qui ralentissent ou affectent votre succ\u00e8s.<\/p>\n<p style=\"text-align: center;\"><a href=\"https:\/\/daremtec.com\/contact\/\"> Contactez-nous d\u00e8s aujourd\u2019hui et planifiez votre consultation gratuite!<\/a><\/p>\n<\/div>\n<\/div>\n<div class=\"article-separator-indent\"><span class=\"article_separator\">\u00a0<\/span><\/div>\n<\/div>\n<\/div>\n","protected":false},"excerpt":{"rendered":"<p>Lecture et \u00e9tude de votre Diagnostic approfondi, correction et am\u00e9lioration si n\u00e9cessaire.<\/p>\n<p>Le diagnostic aide l&#8217;entreprise \u00e0 identifier ses forces et faiblesses, construire un plan d&#8217;action pour atteindre les objectifs.<\/p>\n","protected":false},"featured_media":3194,"comment_status":"open","ping_status":"closed","template":"","meta":[],"product_cat":[42],"product_tag":[],"class_list":["post-1010","product","type-product","status-publish","has-post-thumbnail","hentry","product_cat-thourough-diagnosis-en"],"_links":{"self":[{"href":"https:\/\/daremtec.com\/daremtec\/wp-json\/wp\/v2\/product\/1010","targetHints":{"allow":["GET"]}}],"collection":[{"href":"https:\/\/daremtec.com\/daremtec\/wp-json\/wp\/v2\/product"}],"about":[{"href":"https:\/\/daremtec.com\/daremtec\/wp-json\/wp\/v2\/types\/product"}],"replies":[{"embeddable":true,"href":"https:\/\/daremtec.com\/daremtec\/wp-json\/wp\/v2\/comments?post=1010"}],"wp:featuredmedia":[{"embeddable":true,"href":"https:\/\/daremtec.com\/daremtec\/wp-json\/wp\/v2\/media\/3194"}],"wp:attachment":[{"href":"https:\/\/daremtec.com\/daremtec\/wp-json\/wp\/v2\/media?parent=1010"}],"wp:term":[{"taxonomy":"product_cat","embeddable":true,"href":"https:\/\/daremtec.com\/daremtec\/wp-json\/wp\/v2\/product_cat?post=1010"},{"taxonomy":"product_tag","embeddable":true,"href":"https:\/\/daremtec.com\/daremtec\/wp-json\/wp\/v2\/product_tag?post=1010"}],"curies":[{"name":"wp","href":"https:\/\/api.w.org\/{rel}","templated":true}]}}