{"id":665,"date":"2023-01-19T04:55:16","date_gmt":"2023-01-19T04:55:16","guid":{"rendered":"https:\/\/daremtec.com\/daremtec\/?page_id=665"},"modified":"2023-01-19T04:55:49","modified_gmt":"2023-01-19T04:55:49","slug":"conduite-du-changement-2","status":"publish","type":"page","link":"https:\/\/daremtec.com\/daremtec\/conduite-du-changement-2\/","title":{"rendered":"Conduite du changement"},"content":{"rendered":"<section class=\"l-section wpb_row height_small\"><div class=\"l-section-h i-cf\"><div class=\"g-cols vc_row via_flex valign_top type_default stacking_default\"><div class=\"vc_col-sm-12 wpb_column vc_column_container\"><div class=\"vc_column-inner\"><div class=\"wpb_wrapper\">[vc_custom_heading text=&#8221;Conduite du changement&#8221; font_container=&#8221;tag:h1|text_align:left&#8221; use_theme_fonts=&#8221;yes&#8221; css=&#8221;%7B%22default%22%3A%7B%22margin-bottom%22%3A%2230px%22%7D%7D&#8221;][vc_custom_heading text=&#8221;Pr\u00e9sentation du cours&#8221; font_container=&#8221;tag:h2|text_align:center&#8221; use_theme_fonts=&#8221;yes&#8221; el_class=&#8221;cus-center-tag&#8221; css=&#8221;%7B%22default%22%3A%7B%22margin-bottom%22%3A%2230px%22%7D%7D&#8221;]<div class=\"wpb_text_column us_custom_92c76180\"><div class=\"wpb_wrapper\"><p style=\"text-align: center;\">Ce cours aborde les m\u00e9canismes cl\u00e9s de la r\u00e9sistance au changement dans les organisations. Il offre aux participants les connaissances n\u00e9cessaires \u00e0 l\u2019\u00e9laboration des strat\u00e9gies de changements et de communication pour mobiliser toutes les parties prenantes.<\/p>\n<\/div><\/div>[vc_custom_heading text=&#8221;A qui est destin\u00e9 ce cours ?&#8221; font_container=&#8221;tag:h2|text_align:center&#8221; use_theme_fonts=&#8221;yes&#8221; el_class=&#8221;cus-center-tag&#8221; css=&#8221;%7B%22default%22%3A%7B%22margin-bottom%22%3A%2230px%22%7D%7D&#8221;]<div class=\"wpb_text_column us_custom_92c76180\"><div class=\"wpb_wrapper\"><p>A toute personne d\u00e9sirant acqu\u00e9rir la vision globale de fonctionnement d\u2019une entreprise ou d\u2019une organisation \u00e0 but non lucratif. :<\/p>\n<ul class=\"cus-values-ul\">\n<li>Cadres dirigeants,<\/li>\n<li>Porteurs et gestionnaire de projet ou de programmes,<\/li>\n<li>Etudiants en Bachelor ou Master en \u00e9conomie et gestion,<\/li>\n<li>Consultants en entreprise<\/li>\n<\/ul>\n<\/div><\/div>[vc_custom_heading text=&#8221;Objectifs d\u2019apprentissage&#8221; font_container=&#8221;tag:h2|text_align:center&#8221; use_theme_fonts=&#8221;yes&#8221; el_class=&#8221;cus-center-tag&#8221; css=&#8221;%7B%22default%22%3A%7B%22margin-bottom%22%3A%2230px%22%7D%7D&#8221;]<div class=\"wpb_text_column us_custom_92c76180\"><div class=\"wpb_wrapper\"><p>Au terme de ce cours, les participants pourront:<\/p>\n<ul class=\"cus-values-ul\">\n<li>Comprendre le concept de changement<\/li>\n<li>Identifier et surmonter les r\u00e9sistances au changement<\/li>\n<li>Comprendre l\u2019impact des changements organisationnels<\/li>\n<li>Utiliser les \u00e9l\u00e9ments du cours pour contribuer \u00e0 l\u2019\u00e9laboration d\u2019un projet de conduite du changement organisationnel<\/li>\n<li>Analyser l\u2019impact du changement<\/li>\n<li>Comprendre les facteurs cl\u00e9s de succ\u00e8s d\u2019un processus de conduite de changement efficace<\/li>\n<\/ul>\n<\/div><\/div>[vc_custom_heading text=&#8221;Th\u00e8mes abord\u00e9s&#8221; font_container=&#8221;tag:h2|text_align:center&#8221; use_theme_fonts=&#8221;yes&#8221; el_class=&#8221;cus-center-tag&#8221; css=&#8221;%7B%22default%22%3A%7B%22margin-bottom%22%3A%2230px%22%7D%7D&#8221;]<div class=\"wpb_text_column us_custom_92c76180\"><div class=\"wpb_wrapper\"><ul class=\"cus-values-ul\">\n<li>Introduction: Qu\u2019est-ce que le changement?<\/li>\n<li>Dimensions du changement<\/li>\n<li>Pr\u00e9paration au changement<\/li>\n<li>La conduite du changement<\/li>\n<li>Communiquer et mettre en \u0153uvre le changement<\/li>\n<li>Les r\u00e9sistances au changement et comment les combattre<\/li>\n<li>Pourquoi avons-nous besoin de plus de leaders de changement<\/li>\n<\/ul>\n<\/div><\/div>[vc_custom_heading text=&#8221;Ce que vous recevez&#8221; font_container=&#8221;tag:h2|text_align:center&#8221; use_theme_fonts=&#8221;yes&#8221; el_class=&#8221;cus-center-tag&#8221; css=&#8221;%7B%22default%22%3A%7B%22margin-bottom%22%3A%2230px%22%7D%7D&#8221;]<div class=\"wpb_text_column us_custom_92c76180\"><div class=\"wpb_wrapper\"><ul class=\"cus-values-ul\">\n<li>76 diapositives<\/li>\n<li>Manuel du participant<\/li>\n<\/ul>\n<p>*Champ obligatoire<br \/>\nNous fournissons cette formation sur site uniquement<br \/>\nVeuillez demander un devis en utilisant le formulaire ci-dessous.<\/p>\n<\/div><\/div><div class=\"w-btn-wrapper align_center\"><a class=\"w-btn us-btn-style_1 icon_atright\" href=\"#\"><span class=\"w-btn-label\">Citation requise<\/span><i class=\"fas fa-fas fa-angle-right\"><\/i><\/a><\/div><\/div><\/div><\/div><\/div><\/div><\/section>\n","protected":false},"excerpt":{"rendered":"[vc_custom_heading text=\"Conduite du changement\" font_container=\"tag:h1|text_align:left\" use_theme_fonts=\"yes\" css=\"%7B%22default%22%3A%7B%22margin-bottom%22%3A%2230px%22%7D%7D\"][vc_custom_heading text=\"Pr\u00e9sentation du cours\" font_container=\"tag:h2|text_align:center\" use_theme_fonts=\"yes\" el_class=\"cus-center-tag\" css=\"%7B%22default%22%3A%7B%22margin-bottom%22%3A%2230px%22%7D%7D\"] Ce cours aborde les m\u00e9canismes cl\u00e9s de la r\u00e9sistance au changement dans les organisations. Il offre aux participants les connaissances n\u00e9cessaires \u00e0 l\u2019\u00e9laboration des strat\u00e9gies de changements et de communication pour mobiliser toutes les parties prenantes. [vc_custom_heading text=\"A qui est destin\u00e9...","protected":false},"author":1,"featured_media":0,"parent":0,"menu_order":0,"comment_status":"closed","ping_status":"closed","template":"","meta":{"footnotes":""},"class_list":["post-665","page","type-page","status-publish","hentry"],"_links":{"self":[{"href":"https:\/\/daremtec.com\/daremtec\/wp-json\/wp\/v2\/pages\/665","targetHints":{"allow":["GET"]}}],"collection":[{"href":"https:\/\/daremtec.com\/daremtec\/wp-json\/wp\/v2\/pages"}],"about":[{"href":"https:\/\/daremtec.com\/daremtec\/wp-json\/wp\/v2\/types\/page"}],"author":[{"embeddable":true,"href":"https:\/\/daremtec.com\/daremtec\/wp-json\/wp\/v2\/users\/1"}],"replies":[{"embeddable":true,"href":"https:\/\/daremtec.com\/daremtec\/wp-json\/wp\/v2\/comments?post=665"}],"version-history":[{"count":2,"href":"https:\/\/daremtec.com\/daremtec\/wp-json\/wp\/v2\/pages\/665\/revisions"}],"predecessor-version":[{"id":668,"href":"https:\/\/daremtec.com\/daremtec\/wp-json\/wp\/v2\/pages\/665\/revisions\/668"}],"wp:attachment":[{"href":"https:\/\/daremtec.com\/daremtec\/wp-json\/wp\/v2\/media?parent=665"}],"curies":[{"name":"wp","href":"https:\/\/api.w.org\/{rel}","templated":true}]}}