{"id":3416,"date":"2023-01-24T05:23:44","date_gmt":"2023-01-24T05:23:44","guid":{"rendered":"https:\/\/daremtec.com\/daremtec\/?page_id=3416"},"modified":"2023-01-24T11:16:18","modified_gmt":"2023-01-24T11:16:18","slug":"offre-de-plan-daffaires","status":"publish","type":"page","link":"https:\/\/daremtec.com\/daremtec\/offre-de-plan-daffaires\/","title":{"rendered":"offre-de-plan-daffaires"},"content":{"rendered":"<section class=\"l-section wpb_row cus-best-offer height_small\"><div class=\"l-section-h i-cf\"><div class=\"g-cols vc_row via_flex valign_top type_default stacking_default\"><div class=\"vc_col-sm-12 wpb_column vc_column_container\"><div class=\"vc_column-inner\"><div class=\"wpb_wrapper\">[vc_custom_heading text=&#8221;Offre de plan d\u2019affaires&#8221; font_container=&#8221;tag:h1|text_align:center&#8221; use_theme_fonts=&#8221;yes&#8221; el_class=&#8221;cus-center-tag&#8221;]<div class=\"g-cols wpb_row us_custom_df4174fd via_flex valign_top type_default stacking_default\" style=\"--additional-gap:15px;\"><div class=\"vc_col-sm-4 wpb_column vc_column_container\"><div class=\"vc_column-inner\"><div class=\"wpb_wrapper\">[vc_custom_heading text=&#8221;Option : Basic&#8221; font_container=&#8221;tag:h5|text_align:center&#8221; use_theme_fonts=&#8221;yes&#8221; css=&#8221;%7B%22default%22%3A%7B%22color%22%3A%22%23f92d8c%22%7D%7D&#8221;][vc_custom_heading text=&#8221;CHF 950.00&#8243; font_container=&#8221;tag:h2|text_align:center&#8221; use_theme_fonts=&#8221;yes&#8221;]<div class=\"wpb_text_column\"><div class=\"wpb_wrapper\"><ul>\n<li>D\u00e9lai de livraison : 7 \u2013 10 jours<\/li>\n<li>R\u00e9sum\u00e9 manag\u00e9rial (Executive summary)<\/li>\n<li>Profil de l\u2019entreprise<\/li>\n<li>Produits et services<\/li>\n<li>Analyse du march\u00e9<\/li>\n<li>R\u00e9sum\u00e9 de gestion<\/li>\n<li>Analyse forces, faiblesses, opportunit\u00e9s et menaces (SWOT)<\/li>\n<li>Pr\u00e9visions financi\u00e8res de base<\/li>\n<\/ul>\n<\/div><\/div><div class=\"w-btn-wrapper align_center\"><a class=\"w-btn us-btn-style_3\" href=\"#\"><span class=\"w-btn-label\">Achetez maintenant !<\/span><\/a><\/div><\/div><\/div><\/div><div class=\"vc_col-sm-4 wpb_column vc_column_container best-top-wrapper\"><div class=\"vc_column-inner\"><div class=\"wpb_wrapper\"><div class=\"wpb_text_column cus-top-content\"><div class=\"wpb_wrapper\"><p>Plus demand\u00e9e<\/p>\n<\/div><\/div>[vc_custom_heading text=&#8221;Optional: Standard&#8221; font_container=&#8221;tag:h5|text_align:center&#8221; use_theme_fonts=&#8221;yes&#8221; css=&#8221;%7B%22default%22%3A%7B%22color%22%3A%22%234843d2%22%7D%7D&#8221;][vc_custom_heading text=&#8221;CHF 950.00&#8243; font_container=&#8221;tag:h2|text_align:center&#8221; use_theme_fonts=&#8221;yes&#8221;]<div class=\"wpb_text_column\"><div class=\"wpb_wrapper\"><ul>\n<li>D\u00e9lai de livraison : 2 \u2013 3 semaines<\/li>\n<li>R\u00e9sum\u00e9 manag\u00e9rial (Executive summary)<\/li>\n<li>Profil de l\u2019entreprise<\/li>\n<li>Produits et services<\/li>\n<li>Analyse du march\u00e9<\/li>\n<li>R\u00e9sum\u00e9 de gestion<\/li>\n<li>Analyse forces, faiblesses, opportunit\u00e9s et menaces (SWOT)<\/li>\n<li>Pr\u00e9visions financi\u00e8res<\/li>\n<li>Strat\u00e9gie marketing<\/li>\n<li>Point Mort et calcul de la rentabilit\u00e9<\/li>\n<li>Etats financiers pr\u00e9visionnels<\/li>\n<li><\/li>\n<\/ul>\n<\/div><\/div><div class=\"w-btn-wrapper align_center\"><a class=\"w-btn us-btn-style_4\" href=\"#\"><span class=\"w-btn-label\">Achetez maintenant !<\/span><\/a><\/div><\/div><\/div><\/div><div class=\"vc_col-sm-4 wpb_column vc_column_container best-top-wrapper\"><div class=\"vc_column-inner\"><div class=\"wpb_wrapper\"><div class=\"wpb_text_column cus-top-content\"><div class=\"wpb_wrapper\"><p>Option : Custom<\/p>\n<\/div><\/div>[vc_custom_heading text=&#8221;Option : Custom&#8221; font_container=&#8221;tag:h5|text_align:center&#8221; use_theme_fonts=&#8221;yes&#8221; css=&#8221;%7B%22default%22%3A%7B%22color%22%3A%22%234843d2%22%7D%7D&#8221;][vc_custom_heading text=&#8221;Prix sur demande&#8221; font_container=&#8221;tag:h2|text_align:center&#8221; use_theme_fonts=&#8221;yes&#8221;]<div class=\"wpb_text_column\"><div class=\"wpb_wrapper\"><ul>\n<li>D\u00e9lai de livraison : Selon les accords<\/li>\n<li>R\u00e9sum\u00e9 manag\u00e9rial (Executive summary)<\/li>\n<li>Profil de l\u2019entreprise<\/li>\n<li>Produits et services<\/li>\n<li>Analyse du march\u00e9<\/li>\n<li>R\u00e9sum\u00e9 de gestion<\/li>\n<li>Analyse forces, faiblesses, opportunit\u00e9s et menaces (SWOT)<\/li>\n<li>Pr\u00e9visions financi\u00e8res<\/li>\n<li>Strat\u00e9gie Marketing et son impl\u00e9mentation<\/li>\n<li>Point Mort et calcul de la rentabilit\u00e9<\/li>\n<li>Analyse des flux de tr\u00e9sorerie<\/li>\n<li>Analyse du bilan<\/li>\n<li>Analyse des hypoth\u00e8ses financi\u00e8res<\/li>\n<li>Analyse du paysage concurrentiel<\/li>\n<li>D\u00e9finition des facteurs cl\u00e9s de succ\u00e8s<\/li>\n<li>D\u00e9finition des indicateurs cl\u00e9s de performance (KPI)<\/li>\n<li>Cr\u00e9ation du tableau de bord op\u00e9rationnel<\/li>\n<li>Cr\u00e9ation du tableau de bord strat\u00e9gique (Balanced scorecard)<\/li>\n<li>Cr\u00e9ation de la carte strat\u00e9gique<\/li>\n<li><\/li>\n<\/ul>\n<\/div><\/div><div class=\"w-btn-wrapper align_center\"><a class=\"w-btn us-btn-style_5\" href=\"#\"><span class=\"w-btn-label\">Achetez maintenant !<\/span><\/a><\/div><\/div><\/div><\/div><\/div><\/div><\/div><\/div><\/div><\/div><\/section>\n","protected":false},"excerpt":{"rendered":"[vc_custom_heading text=\"Offre de plan d\u2019affaires\" font_container=\"tag:h1|text_align:center\" use_theme_fonts=\"yes\" el_class=\"cus-center-tag\"][vc_custom_heading text=\"Option : Basic\" font_container=\"tag:h5|text_align:center\" use_theme_fonts=\"yes\" css=\"%7B%22default%22%3A%7B%22color%22%3A%22%23f92d8c%22%7D%7D\"][vc_custom_heading text=\"CHF 950.00\" font_container=\"tag:h2|text_align:center\" use_theme_fonts=\"yes\"] D\u00e9lai de livraison : 7 \u2013 10 jours R\u00e9sum\u00e9 manag\u00e9rial (Executive summary) Profil de l\u2019entreprise Produits et services Analyse du march\u00e9 R\u00e9sum\u00e9 de gestion Analyse forces, faiblesses, opportunit\u00e9s et menaces (SWOT) Pr\u00e9visions financi\u00e8res de base Achetez maintenant...","protected":false},"author":1,"featured_media":0,"parent":0,"menu_order":0,"comment_status":"closed","ping_status":"closed","template":"","meta":{"footnotes":""},"class_list":["post-3416","page","type-page","status-publish","hentry"],"_links":{"self":[{"href":"https:\/\/daremtec.com\/daremtec\/wp-json\/wp\/v2\/pages\/3416","targetHints":{"allow":["GET"]}}],"collection":[{"href":"https:\/\/daremtec.com\/daremtec\/wp-json\/wp\/v2\/pages"}],"about":[{"href":"https:\/\/daremtec.com\/daremtec\/wp-json\/wp\/v2\/types\/page"}],"author":[{"embeddable":true,"href":"https:\/\/daremtec.com\/daremtec\/wp-json\/wp\/v2\/users\/1"}],"replies":[{"embeddable":true,"href":"https:\/\/daremtec.com\/daremtec\/wp-json\/wp\/v2\/comments?post=3416"}],"version-history":[{"count":8,"href":"https:\/\/daremtec.com\/daremtec\/wp-json\/wp\/v2\/pages\/3416\/revisions"}],"predecessor-version":[{"id":3664,"href":"https:\/\/daremtec.com\/daremtec\/wp-json\/wp\/v2\/pages\/3416\/revisions\/3664"}],"wp:attachment":[{"href":"https:\/\/daremtec.com\/daremtec\/wp-json\/wp\/v2\/media?parent=3416"}],"curies":[{"name":"wp","href":"https:\/\/api.w.org\/{rel}","templated":true}]}}