{"id":3408,"date":"2023-01-24T05:15:56","date_gmt":"2023-01-24T05:15:56","guid":{"rendered":"https:\/\/daremtec.com\/daremtec\/mesure-et-evaluation-de-la-performance\/"},"modified":"2023-01-24T05:19:48","modified_gmt":"2023-01-24T05:19:48","slug":"mesure-et-evaluation-de-la-performance","status":"publish","type":"page","link":"https:\/\/daremtec.com\/daremtec\/mesure-et-evaluation-de-la-performance\/","title":{"rendered":"Mesure et \u00e9valuation de la performance"},"content":{"rendered":"<section class=\"l-section wpb_row height_small\"><div class=\"l-section-h i-cf\"><div class=\"g-cols vc_row via_flex valign_top type_default stacking_default\"><div class=\"vc_col-sm-12 wpb_column vc_column_container\"><div class=\"vc_column-inner\"><div class=\"wpb_wrapper\">[vc_custom_heading text=&#8221;Mesure et \u00e9valuation de la performance&#8221; font_container=&#8221;tag:h1|text_align:center&#8221; use_theme_fonts=&#8221;yes&#8221; el_class=&#8221;cus-center-tag&#8221; css=&#8221;%7B%22default%22%3A%7B%22margin-bottom%22%3A%2230px%22%7D%7D&#8221;]<div class=\"g-cols wpb_row via_flex valign_top type_default stacking_default\"><div class=\"vc_col-sm-12 wpb_column vc_column_container\"><div class=\"vc_column-inner\"><div class=\"wpb_wrapper\">[vc_custom_heading text=&#8221;Pr\u00e9sentation de l\u2019atelier&#8221; font_container=&#8221;tag:h6|text_align:left&#8221; use_theme_fonts=&#8221;yes&#8221; css=&#8221;%7B%22default%22%3A%7B%22margin-bottom%22%3A%2230px%22%7D%7D&#8221;]<div class=\"wpb_text_column us_custom_92c76180\"><div class=\"wpb_wrapper\"><p>Cet atelier explique aux participants comment une organisation met en place un syst\u00e8me de mesure et d\u2019\u00e9valuation de la performance afin de trouver un \u00e9quilibre entre les objectifs qu\u2019elle se fixe et les attentes de ses diff\u00e9rentes parties prenantes. L\u2019accent sera mis en particulier sur la technique du balanced scorecard ou tableau de bord \u00e9quilibr\u00e9, qui associe les indicateurs financiers et non financiers \u00e0 un cadre int\u00e9gr\u00e9 de leadership strat\u00e9gique et de contr\u00f4le.<\/p>\n<\/div><\/div><\/div><\/div><\/div><\/div>[vc_custom_heading text=&#8221;A qui est destin\u00e9 cet atelier ?&#8221; font_container=&#8221;tag:h6|text_align:left&#8221; use_theme_fonts=&#8221;yes&#8221; css=&#8221;%7B%22default%22%3A%7B%22margin-bottom%22%3A%2230px%22%7D%7D&#8221;]<div class=\"wpb_text_column us_custom_92c76180\"><div class=\"wpb_wrapper\"><p>A toute personne d\u00e9sirant acqu\u00e9rir la vision globale de fonctionnement d\u2019une entreprise ou d\u2019une organisation \u00e0 but non lucratif. :<\/p>\n<ul class=\"cus-values-ul\">\n<li>Cadres dirigeants,<\/li>\n<li>Responsable de processus<\/li>\n<li>Porteurs et gestionnaire de projet ou de programmes<\/li>\n<li>Etudiants en Bachelor ou Master en \u00e9conomie et gestion (MBA)<\/li>\n<li>Consultants en entreprise<\/li>\n<\/ul>\n<\/div><\/div>[vc_custom_heading text=&#8221;Objectifs d\u2019apprentissage&#8221; font_container=&#8221;tag:h6|text_align:left&#8221; use_theme_fonts=&#8221;yes&#8221; css=&#8221;%7B%22default%22%3A%7B%22margin-bottom%22%3A%2230px%22%7D%7D&#8221;]<div class=\"wpb_text_column us_custom_92c76180\"><div class=\"wpb_wrapper\"><p>Au terme de cet atelier, les participants pourront:<\/p>\n<ul class=\"cus-values-ul\">\n<li>\u00catre capables de recenser les syst\u00e8mes, mod\u00e8les et techniques de mesure de la performance<\/li>\n<li>Choisir le syst\u00e8me de mesure de performance qui correspondant \u00e0 son contexte<\/li>\n<li>Mettre en place un syst\u00e8me de gestion des performances<\/li>\n<li>\u00c9tablir les plans d\u2019actions<\/li>\n<li>\u00c9valuer les r\u00e9sultats selon les valeurs de son entreprise<\/li>\n<\/ul>\n<\/div><\/div>[vc_custom_heading text=&#8221;Th\u00e8mes abord\u00e9s&#8221; font_container=&#8221;tag:h6|text_align:left&#8221; use_theme_fonts=&#8221;yes&#8221; css=&#8221;%7B%22default%22%3A%7B%22margin-bottom%22%3A%2230px%22%7D%7D&#8221;]<div class=\"wpb_text_column us_custom_92c76180\"><div class=\"wpb_wrapper\"><ul class=\"cus-values-ul\">\n<li>Contr\u00f4le de gestion et performance organisationnelle<\/li>\n<li>Quels sont les alternatives au contr\u00f4le de gestion<\/li>\n<li>Comment mesure la performance organisationnelle ?<\/li>\n<li>Les tableaux de bord de gestion<\/li>\n<li>Le tableau de bord \u00e9quilibr\u00e9 (ou balanced scorecard)<\/li>\n<li>La carte strat\u00e9gique<\/li>\n<li>Choisir et impl\u00e9menter son tableau de bord strat\u00e9gique<\/li>\n<\/ul>\n<\/div><\/div><div class=\"w-html\"><table class=\"table table-bordered\" border=\"1\">\n<tbody><tr><th>Dur\u00e9e: <\/th>\n<th>Tarif par personne: <\/th>\n<th>Nombre de participants :<\/th>\n<th rowspan=\"2\" valign=\"center\"><a href=\"index.php\/fr\/mesure-et-evaluation-de-la-performance\">Achetez cet atelier<\/a><\/th>\n<\/tr><tr>\n<td>1 Day<\/td>\n<td>CHF 1\u2019290.-<br>\nPar personne<\/td>\n<td>12 personnes maximum<\/td>\n<\/tr>\n<\/tbody><\/table><\/div><\/div><\/div><\/div><\/div><\/div><\/section>\n","protected":false},"excerpt":{"rendered":"[vc_custom_heading text=\"Mesure et \u00e9valuation de la performance\" font_container=\"tag:h1|text_align:center\" use_theme_fonts=\"yes\" el_class=\"cus-center-tag\" css=\"%7B%22default%22%3A%7B%22margin-bottom%22%3A%2230px%22%7D%7D\"][vc_custom_heading text=\"Pr\u00e9sentation de l\u2019atelier\" font_container=\"tag:h6|text_align:left\" use_theme_fonts=\"yes\" css=\"%7B%22default%22%3A%7B%22margin-bottom%22%3A%2230px%22%7D%7D\"]Cet atelier explique aux participants comment une organisation met en place un syst\u00e8me de mesure et d\u2019\u00e9valuation de la performance afin de trouver un \u00e9quilibre entre les objectifs qu\u2019elle se fixe et les attentes de ses diff\u00e9rentes parties prenantes....","protected":false},"author":1,"featured_media":0,"parent":0,"menu_order":0,"comment_status":"closed","ping_status":"closed","template":"","meta":{"footnotes":""},"class_list":["post-3408","page","type-page","status-publish","hentry"],"_links":{"self":[{"href":"https:\/\/daremtec.com\/daremtec\/wp-json\/wp\/v2\/pages\/3408","targetHints":{"allow":["GET"]}}],"collection":[{"href":"https:\/\/daremtec.com\/daremtec\/wp-json\/wp\/v2\/pages"}],"about":[{"href":"https:\/\/daremtec.com\/daremtec\/wp-json\/wp\/v2\/types\/page"}],"author":[{"embeddable":true,"href":"https:\/\/daremtec.com\/daremtec\/wp-json\/wp\/v2\/users\/1"}],"replies":[{"embeddable":true,"href":"https:\/\/daremtec.com\/daremtec\/wp-json\/wp\/v2\/comments?post=3408"}],"version-history":[{"count":3,"href":"https:\/\/daremtec.com\/daremtec\/wp-json\/wp\/v2\/pages\/3408\/revisions"}],"predecessor-version":[{"id":3413,"href":"https:\/\/daremtec.com\/daremtec\/wp-json\/wp\/v2\/pages\/3408\/revisions\/3413"}],"wp:attachment":[{"href":"https:\/\/daremtec.com\/daremtec\/wp-json\/wp\/v2\/media?parent=3408"}],"curies":[{"name":"wp","href":"https:\/\/api.w.org\/{rel}","templated":true}]}}