{"id":30,"date":"2023-01-13T10:16:24","date_gmt":"2023-01-13T10:16:24","guid":{"rendered":"https:\/\/daremtec.com\/daremtec\/?page_id=30"},"modified":"2023-02-03T14:55:07","modified_gmt":"2023-02-03T14:55:07","slug":"formation-et-coaching","status":"publish","type":"page","link":"https:\/\/daremtec.com\/daremtec\/formation-et-coaching\/","title":{"rendered":"Formation et Coaching"},"content":{"rendered":"<section class=\"l-section wpb_row height_small\"><div class=\"l-section-h i-cf\"><div class=\"g-cols vc_row via_flex valign_top type_default stacking_default\"><div class=\"vc_col-sm-12 wpb_column vc_column_container\"><div class=\"vc_column-inner\"><div class=\"wpb_wrapper\">[vc_custom_heading text=&#8221;Formation \u2013 Coaching en Management et Performance&#8221; font_container=&#8221;tag:h1|text_align:center&#8221; use_theme_fonts=&#8221;yes&#8221; el_class=&#8221;cus-center-tag&#8221;]<\/div><\/div><\/div><\/div><\/div><\/section><section class=\"l-section wpb_row height_small\"><div class=\"l-section-h i-cf\"><div class=\"g-cols vc_row via_flex valign_top type_default stacking_default\"><div class=\"vc_col-sm-12 wpb_column vc_column_container\"><div class=\"vc_column-inner\"><div class=\"wpb_wrapper\"><div class=\"w-image align_center\"><div class=\"w-image-h\"><img loading=\"lazy\" decoding=\"async\" width=\"1040\" height=\"405\" src=\"https:\/\/daremtec.com\/daremtec\/wp-content\/uploads\/2023\/01\/7-fr.jpg\" class=\"attachment-full size-full\" alt=\"\" srcset=\"https:\/\/daremtec.com\/daremtec\/wp-content\/uploads\/2023\/01\/7-fr.jpg 1040w, https:\/\/daremtec.com\/daremtec\/wp-content\/uploads\/2023\/01\/7-fr-300x117.jpg 300w, https:\/\/daremtec.com\/daremtec\/wp-content\/uploads\/2023\/01\/7-fr-1024x399.jpg 1024w, https:\/\/daremtec.com\/daremtec\/wp-content\/uploads\/2023\/01\/7-fr-600x234.jpg 600w\" sizes=\"auto, (max-width: 1040px) 100vw, 1040px\" \/><\/div><\/div>[vc_custom_heading text=&#8221;Voulez-vous retenir vos meilleurs talents?&#8221; font_container=&#8221;tag:h6|text_align:center&#8221; use_theme_fonts=&#8221;yes&#8221;]<div class=\"wpb_text_column us_custom_a5d8b32b cus-font-change has_text_color\"><div class=\"wpb_wrapper\"><p style=\"text-align: center;\">\u201c Si vous prenez soin de vos employ\u00e9s, ils prendront soin de votre entreprise.\u201d<\/p>\n<\/div><\/div><div class=\"wpb_text_column us_custom_29f6d296 has_text_color\"><div class=\"wpb_wrapper\"><div class=\"et_pb_row et_pb_row_0\">\n<div class=\"et_pb_column et_pb_column_4_4 et_pb_column_0 et_pb_css_mix_blend_mode_passthrough et-last-child\">\n<div class=\"et_pb_module et_pb_text et_pb_text_1 et_pb_text_align_left et_pb_bg_layout_light\">\n<div class=\"et_pb_text_inner\">\n<p style=\"text-align: center;\">-Richard Branson<\/p>\n<\/div>\n<\/div>\n<\/div>\n<\/div>\n<\/div><\/div><div class=\"g-cols wpb_row us_custom_af6a9b6a cus-bussbess-section via_flex valign_top type_default stacking_default\"><div class=\"vc_col-sm-4 wpb_column vc_column_container\"><div class=\"vc_column-inner\"><div class=\"wpb_wrapper\">[vc_custom_heading text=&#8221;Pourquoi avez-vous besoin de nos ateliers de formation au sein de votre entreprise?&#8221; font_container=&#8221;tag:h5|text_align:center&#8221; use_theme_fonts=&#8221;yes&#8221; css=&#8221;%7B%22default%22%3A%7B%22font-weight%22%3A%22700%22%7D%7D&#8221;]<div class=\"wpb_text_column\"><div class=\"wpb_wrapper\"><p style=\"text-align: center;\">Selon les chercheurs, 95% des employ\u00e9s dans les organisations ignorent ou ne comprennent pas la strat\u00e9gie de leur employeur.<\/p>\n<p style=\"text-align: center;\">Si les employ\u00e9s qui sont charg\u00e9s de traiter avec les clients, g\u00e9rer les processus cr\u00e9atrices de valeur, ignorent la strat\u00e9gie de l\u2019organisation, par quel miracle peuvent-ils aider l\u2019entreprise \u00e0 impl\u00e9menter une strat\u00e9gie qu\u2019ils ne connaissent pas ? Si vous \u00eates dans cette situation, vous avez besoin d\u2019envoyer votre personnel en formation<\/p>\n<\/div><\/div><\/div><\/div><\/div><div class=\"vc_col-sm-4 wpb_column vc_column_container\"><div class=\"vc_column-inner\"><div class=\"wpb_wrapper\">[vc_custom_heading text=&#8221;Notre mission : vous aider \u00e0 retenir vos meilleurs talents et cro\u00eetre.&#8221; font_container=&#8221;tag:h5|text_align:center&#8221; use_theme_fonts=&#8221;yes&#8221; css=&#8221;%7B%22default%22%3A%7B%22font-weight%22%3A%22700%22%7D%7D&#8221;]<div class=\"wpb_text_column\"><div class=\"wpb_wrapper\"><p style=\"text-align: center;\">Chez Daremtec, nous vous proposons des ateliers pratiques et des solutions de coaching qui vous permettent de r\u00e9ussir la mise en \u0153uvre de votre strat\u00e9gie.<\/p>\n<p style=\"text-align: center;\">En habilitant votre personnel, nous cr\u00e9ons un environnement dans lequel les dirigeants, les gestionnaires, les employ\u00e9s peuvent se sentir suffisamment consid\u00e9r\u00e9s pour prendre des d\u00e9cisions, d\u00e9velopper leur autonomie et leurs comp\u00e9tences et se concentrer sur la r\u00e9alisation des r\u00e9sultats et augmenter la valeur de votre organisation.<\/p>\n<\/div><\/div><\/div><\/div><\/div><div class=\"vc_col-sm-4 wpb_column vc_column_container\"><div class=\"vc_column-inner\"><div class=\"wpb_wrapper\">[vc_custom_heading text=&#8221;\u00c9conomisez de l\u2019argent, gagnez du temps et r\u00e9ussissez !&#8221; font_container=&#8221;tag:h5|text_align:center&#8221; use_theme_fonts=&#8221;yes&#8221; css=&#8221;%7B%22default%22%3A%7B%22font-weight%22%3A%22700%22%7D%7D&#8221;]<div class=\"wpb_text_column\"><div class=\"wpb_wrapper\"><p style=\"text-align: center;\">Daremtec a r\u00e9uni une \u00e9quipe de formateurs qualifi\u00e9s et certifi\u00e9s qui partagent votre passion pour l\u2019apprentissage et le d\u00e9veloppement en entreprise.<\/p>\n<p style=\"text-align: center;\">Voici les avantages :<\/p>\n<ul class=\"cus-values-ul\">\n<li style=\"text-align: center;\">Concentration sur votre entreprise (ses besoins, son staff et ses probl\u00e8mes)<\/li>\n<li style=\"text-align: center;\">Am\u00e9lioration de la motivation du personnel et l\u2019esprit d\u2019\u00e9quipe<\/li>\n<li style=\"text-align: center;\">Choix du temps et du lieu de formation<\/li>\n<li style=\"text-align: center;\">Option rentable (\u00e9conomie sur les frais de voyage et d\u2019h\u00f4tels).<\/li>\n<\/ul>\n<\/div><\/div><\/div><\/div><\/div><\/div><div class=\"g-cols wpb_row us_custom_72fc42ef via_flex valign_top type_default stacking_default\"><div class=\"vc_col-sm-12 wpb_column vc_column_container\"><div class=\"vc_column-inner\"><div class=\"wpb_wrapper\">[vc_custom_heading text=&#8221;Ateliers en entreprise&#8221; font_container=&#8221;tag:h2|text_align:center&#8221; use_theme_fonts=&#8221;yes&#8221;]<\/div><\/div><\/div><\/div><div class=\"w-grid type_grid layout_blog_1 cols_3\" id=\"us_grid_1\" data-filterable=\"true\"><style>#us_grid_1 .w-grid-item{padding:1.5rem}#us_grid_1 .w-grid-list{margin:-1.5rem}.w-grid + #us_grid_1 .w-grid-list,.w-grid-none + #us_grid_1 .w-grid-list{margin-top:1.5rem}@media (max-width:899px){#us_grid_1 .w-grid-item{width:50%}}@media (max-width:599px){#us_grid_1 .w-grid-list{margin:0}#us_grid_1 .w-grid-item{width:100%;padding:0;margin-bottom:1.5rem}}.layout_blog_1 .w-grid-item-h{}.layout_blog_1 .usg_post_image_1{margin-bottom:0.5rem!important}.layout_blog_1 .usg_post_title_1{font-size:1rem!important}<\/style><div class=\"w-grid-list\">\t<article class=\"w-grid-item size_1x1 post-689 product type-product status-publish has-post-thumbnail hentry product_cat-ateliers-en-entreprise\" data-id=\"689\">\r\n\t\t<div class=\"w-grid-item-h\">\r\n\t\t\t\t\t\t<div class=\"w-post-elm post_image usg_post_image_1 stretched\"><a href=\"https:\/\/daremtec.com\/daremtec\/produit\/gestion-de-la-qualite-totale\/\" aria-label=\"Gestion de la qualit\u00e9 totale\"><img loading=\"lazy\" decoding=\"async\" width=\"481\" height=\"478\" src=\"https:\/\/daremtec.com\/daremtec\/wp-content\/uploads\/2017\/09\/conversation-copy-1.jpg\" class=\"attachment-large size-large wp-post-image\" alt=\"\" srcset=\"https:\/\/daremtec.com\/daremtec\/wp-content\/uploads\/2017\/09\/conversation-copy-1.jpg 481w, https:\/\/daremtec.com\/daremtec\/wp-content\/uploads\/2017\/09\/conversation-copy-1-300x298.jpg 300w, https:\/\/daremtec.com\/daremtec\/wp-content\/uploads\/2017\/09\/conversation-copy-1-150x150.jpg 150w\" sizes=\"auto, (max-width: 481px) 100vw, 481px\" \/><\/a><\/div><h2 class=\"w-post-elm post_title usg_post_title_1 woocommerce-loop-product__title color_link_inherit\"><a href=\"https:\/\/daremtec.com\/daremtec\/produit\/gestion-de-la-qualite-totale\/\">Gestion de la qualit\u00e9 totale<\/a><\/h2>\t\t<\/div>\r\n\t<\/article>\r\n\t<article class=\"w-grid-item size_1x1 post-687 product type-product status-publish has-post-thumbnail hentry product_cat-ateliers-en-entreprise\" data-id=\"687\">\r\n\t\t<div class=\"w-grid-item-h\">\r\n\t\t\t\t\t\t<div class=\"w-post-elm post_image usg_post_image_1 stretched\"><a href=\"https:\/\/daremtec.com\/daremtec\/produit\/conduite-du-changement\/\" aria-label=\"Conduite du  changement\"><img loading=\"lazy\" decoding=\"async\" width=\"481\" height=\"478\" src=\"https:\/\/daremtec.com\/daremtec\/wp-content\/uploads\/2017\/09\/conversation-copy-1.jpg\" class=\"attachment-large size-large wp-post-image\" alt=\"\" srcset=\"https:\/\/daremtec.com\/daremtec\/wp-content\/uploads\/2017\/09\/conversation-copy-1.jpg 481w, https:\/\/daremtec.com\/daremtec\/wp-content\/uploads\/2017\/09\/conversation-copy-1-300x298.jpg 300w, https:\/\/daremtec.com\/daremtec\/wp-content\/uploads\/2017\/09\/conversation-copy-1-150x150.jpg 150w\" sizes=\"auto, (max-width: 481px) 100vw, 481px\" \/><\/a><\/div><h2 class=\"w-post-elm post_title usg_post_title_1 woocommerce-loop-product__title color_link_inherit\"><a href=\"https:\/\/daremtec.com\/daremtec\/produit\/conduite-du-changement\/\">Conduite du  changement<\/a><\/h2>\t\t<\/div>\r\n\t<\/article>\r\n\t<article class=\"w-grid-item size_1x1 post-685 product type-product status-publish has-post-thumbnail hentry product_cat-ateliers-en-entreprise\" data-id=\"685\">\r\n\t\t<div class=\"w-grid-item-h\">\r\n\t\t\t\t\t\t<div class=\"w-post-elm post_image usg_post_image_1 stretched\"><a href=\"https:\/\/daremtec.com\/daremtec\/produit\/mesure-du-capital-humain-et-intellectuel-de-lentreprise\/\" aria-label=\"Mesure du capital humain et intellectuel de l\u2019entreprise\"><img loading=\"lazy\" decoding=\"async\" width=\"481\" height=\"478\" src=\"https:\/\/daremtec.com\/daremtec\/wp-content\/uploads\/2017\/09\/conversation-copy-1.jpg\" class=\"attachment-large size-large wp-post-image\" alt=\"\" srcset=\"https:\/\/daremtec.com\/daremtec\/wp-content\/uploads\/2017\/09\/conversation-copy-1.jpg 481w, https:\/\/daremtec.com\/daremtec\/wp-content\/uploads\/2017\/09\/conversation-copy-1-300x298.jpg 300w, https:\/\/daremtec.com\/daremtec\/wp-content\/uploads\/2017\/09\/conversation-copy-1-150x150.jpg 150w\" sizes=\"auto, (max-width: 481px) 100vw, 481px\" \/><\/a><\/div><h2 class=\"w-post-elm post_title usg_post_title_1 woocommerce-loop-product__title color_link_inherit\"><a href=\"https:\/\/daremtec.com\/daremtec\/produit\/mesure-du-capital-humain-et-intellectuel-de-lentreprise\/\">Mesure du capital humain et intellectuel de l\u2019entreprise<\/a><\/h2>\t\t<\/div>\r\n\t<\/article>\r\n\t<article class=\"w-grid-item size_1x1 post-683 product type-product status-publish has-post-thumbnail hentry product_cat-ateliers-en-entreprise\" data-id=\"683\">\r\n\t\t<div class=\"w-grid-item-h\">\r\n\t\t\t\t\t\t<div class=\"w-post-elm post_image usg_post_image_1 stretched\"><a href=\"https:\/\/daremtec.com\/daremtec\/produit\/communication-organisationnelle-des-resultats-reporting\/\" aria-label=\"Communication  organisationnelle  des r\u00e9sultats (reporting)\"><img loading=\"lazy\" decoding=\"async\" width=\"481\" height=\"478\" src=\"https:\/\/daremtec.com\/daremtec\/wp-content\/uploads\/2017\/09\/conversation-copy-1.jpg\" class=\"attachment-large size-large wp-post-image\" alt=\"\" srcset=\"https:\/\/daremtec.com\/daremtec\/wp-content\/uploads\/2017\/09\/conversation-copy-1.jpg 481w, https:\/\/daremtec.com\/daremtec\/wp-content\/uploads\/2017\/09\/conversation-copy-1-300x298.jpg 300w, https:\/\/daremtec.com\/daremtec\/wp-content\/uploads\/2017\/09\/conversation-copy-1-150x150.jpg 150w\" sizes=\"auto, (max-width: 481px) 100vw, 481px\" \/><\/a><\/div><h2 class=\"w-post-elm post_title usg_post_title_1 woocommerce-loop-product__title color_link_inherit\"><a href=\"https:\/\/daremtec.com\/daremtec\/produit\/communication-organisationnelle-des-resultats-reporting\/\">Communication  organisationnelle  des r\u00e9sultats (reporting)<\/a><\/h2>\t\t<\/div>\r\n\t<\/article>\r\n\t<article class=\"w-grid-item size_1x1 post-681 product type-product status-publish has-post-thumbnail hentry product_cat-ateliers-en-entreprise\" data-id=\"681\">\r\n\t\t<div class=\"w-grid-item-h\">\r\n\t\t\t\t\t\t<div class=\"w-post-elm post_image usg_post_image_1 stretched\"><a href=\"https:\/\/daremtec.com\/daremtec\/produit\/mesure-et-evaluation-de-la-performance\/\" aria-label=\"Mesure et \u00e9valuation  de la performance\"><img loading=\"lazy\" decoding=\"async\" width=\"481\" height=\"478\" src=\"https:\/\/daremtec.com\/daremtec\/wp-content\/uploads\/2017\/09\/conversation-copy-1.jpg\" class=\"attachment-large size-large wp-post-image\" alt=\"\" srcset=\"https:\/\/daremtec.com\/daremtec\/wp-content\/uploads\/2017\/09\/conversation-copy-1.jpg 481w, https:\/\/daremtec.com\/daremtec\/wp-content\/uploads\/2017\/09\/conversation-copy-1-300x298.jpg 300w, https:\/\/daremtec.com\/daremtec\/wp-content\/uploads\/2017\/09\/conversation-copy-1-150x150.jpg 150w\" sizes=\"auto, (max-width: 481px) 100vw, 481px\" \/><\/a><\/div><h2 class=\"w-post-elm post_title usg_post_title_1 woocommerce-loop-product__title color_link_inherit\"><a href=\"https:\/\/daremtec.com\/daremtec\/produit\/mesure-et-evaluation-de-la-performance\/\">Mesure et \u00e9valuation  de la performance<\/a><\/h2>\t\t<\/div>\r\n\t<\/article>\r\n\t<article class=\"w-grid-item size_1x1 post-679 product type-product status-publish has-post-thumbnail hentry product_cat-ateliers-en-entreprise\" data-id=\"679\">\r\n\t\t<div class=\"w-grid-item-h\">\r\n\t\t\t\t\t\t<div class=\"w-post-elm post_image usg_post_image_1 stretched\"><a href=\"https:\/\/daremtec.com\/daremtec\/produit\/alignement-strategique-le-modele-balanced-scorecard\/\" aria-label=\"Alignement strat\u00e9gique :  le mod\u00e8le Balanced Scorecard\"><img loading=\"lazy\" decoding=\"async\" width=\"481\" height=\"478\" src=\"https:\/\/daremtec.com\/daremtec\/wp-content\/uploads\/2017\/09\/conversation-copy-1.jpg\" class=\"attachment-large size-large wp-post-image\" alt=\"\" srcset=\"https:\/\/daremtec.com\/daremtec\/wp-content\/uploads\/2017\/09\/conversation-copy-1.jpg 481w, https:\/\/daremtec.com\/daremtec\/wp-content\/uploads\/2017\/09\/conversation-copy-1-300x298.jpg 300w, https:\/\/daremtec.com\/daremtec\/wp-content\/uploads\/2017\/09\/conversation-copy-1-150x150.jpg 150w\" sizes=\"auto, (max-width: 481px) 100vw, 481px\" \/><\/a><\/div><h2 class=\"w-post-elm post_title usg_post_title_1 woocommerce-loop-product__title color_link_inherit\"><a href=\"https:\/\/daremtec.com\/daremtec\/produit\/alignement-strategique-le-modele-balanced-scorecard\/\">Alignement strat\u00e9gique :  le mod\u00e8le Balanced Scorecard<\/a><\/h2>\t\t<\/div>\r\n\t<\/article>\r\n\t<article class=\"w-grid-item size_1x1 post-677 product type-product status-publish has-post-thumbnail hentry product_cat-ateliers-en-entreprise\" data-id=\"677\">\r\n\t\t<div class=\"w-grid-item-h\">\r\n\t\t\t\t\t\t<div class=\"w-post-elm post_image usg_post_image_1 stretched\"><a href=\"https:\/\/daremtec.com\/daremtec\/produit\/elements-de-performance-organisationnelle\/\" aria-label=\"El\u00e9ments de performance  organisationnelle\"><img loading=\"lazy\" decoding=\"async\" width=\"481\" height=\"478\" src=\"https:\/\/daremtec.com\/daremtec\/wp-content\/uploads\/2017\/09\/conversation-copy-1.jpg\" class=\"attachment-large size-large wp-post-image\" alt=\"\" srcset=\"https:\/\/daremtec.com\/daremtec\/wp-content\/uploads\/2017\/09\/conversation-copy-1.jpg 481w, https:\/\/daremtec.com\/daremtec\/wp-content\/uploads\/2017\/09\/conversation-copy-1-300x298.jpg 300w, https:\/\/daremtec.com\/daremtec\/wp-content\/uploads\/2017\/09\/conversation-copy-1-150x150.jpg 150w\" sizes=\"auto, (max-width: 481px) 100vw, 481px\" \/><\/a><\/div><h2 class=\"w-post-elm post_title usg_post_title_1 woocommerce-loop-product__title color_link_inherit\"><a href=\"https:\/\/daremtec.com\/daremtec\/produit\/elements-de-performance-organisationnelle\/\">El\u00e9ments de performance  organisationnelle<\/a><\/h2>\t\t<\/div>\r\n\t<\/article>\r\n<\/div><div class=\"w-grid-preloader\"><div class=\"g-preloader type_1\">\r\n\t<div><\/div>\r\n<\/div>\r\n<\/div>\t<div class=\"w-grid-json hidden\" onclick='return {&quot;action&quot;:&quot;us_ajax_grid&quot;,&quot;ajax_url&quot;:&quot;https:\\\/\\\/daremtec.com\\\/daremtec\\\/wp-admin\\\/admin-ajax.php&quot;,&quot;infinite_scroll&quot;:0,&quot;max_num_pages&quot;:1,&quot;pagination&quot;:&quot;none&quot;,&quot;permalink_url&quot;:&quot;https:\\\/\\\/daremtec.com\\\/daremtec\\\/wp-json\\\/wp\\\/v2\\\/pages\\\/30&quot;,&quot;template_vars&quot;:{&quot;columns&quot;:&quot;3&quot;,&quot;exclude_items&quot;:&quot;none&quot;,&quot;img_size&quot;:&quot;default&quot;,&quot;ignore_items_size&quot;:0,&quot;items_layout&quot;:&quot;blog_1&quot;,&quot;items_offset&quot;:&quot;1&quot;,&quot;load_animation&quot;:&quot;none&quot;,&quot;overriding_link&quot;:&quot;none&quot;,&quot;post_id&quot;:30,&quot;query_args&quot;:{&quot;post_type&quot;:[&quot;product&quot;],&quot;tax_query&quot;:[{&quot;taxonomy&quot;:&quot;product_cat&quot;,&quot;field&quot;:&quot;slug&quot;,&quot;terms&quot;:[&quot;ateliers-en-entreprise&quot;]},{&quot;taxonomy&quot;:&quot;product_visibility&quot;,&quot;field&quot;:&quot;slug&quot;,&quot;terms&quot;:[&quot;exclude-from-catalog&quot;],&quot;operator&quot;:&quot;NOT IN&quot;}],&quot;post_status&quot;:[&quot;publish&quot;],&quot;meta_query&quot;:[],&quot;posts_per_page&quot;:&quot;10&quot;},&quot;orderby_query_args&quot;:{&quot;orderby&quot;:{&quot;date&quot;:&quot;DESC&quot;}},&quot;type&quot;:&quot;grid&quot;,&quot;us_grid_ajax_index&quot;:1,&quot;us_grid_filter_params&quot;:null,&quot;us_grid_index&quot;:1,&quot;_us_grid_post_type&quot;:&quot;product&quot;}}'><\/div>\r\n\t<\/div>[vc_custom_heading text=&#8221;T\u00e9l\u00e9charger les cours&#8221; font_container=&#8221;tag:h2|text_align:center&#8221; use_theme_fonts=&#8221;yes&#8221;]<div class=\"w-grid type_grid layout_blog_1 cols_3\" id=\"us_grid_2\"><style>#us_grid_2 .w-grid-item{padding:1.5rem}#us_grid_2 .w-grid-list{margin:-1.5rem}.w-grid + #us_grid_2 .w-grid-list,.w-grid-none + #us_grid_2 .w-grid-list{margin-top:1.5rem}@media (max-width:899px){#us_grid_2 .w-grid-item{width:50%}}@media (max-width:599px){#us_grid_2 .w-grid-list{margin:0}#us_grid_2 .w-grid-item{width:100%;padding:0;margin-bottom:1.5rem}}<\/style><div class=\"w-grid-list\">\t<article class=\"w-grid-item size_1x1 post-998 product type-product status-publish has-post-thumbnail hentry product_cat-telecharger-des-formations\" data-id=\"998\">\r\n\t\t<div class=\"w-grid-item-h\">\r\n\t\t\t\t\t\t<div class=\"w-post-elm post_image usg_post_image_1 stretched\"><a href=\"https:\/\/daremtec.com\/daremtec\/produit\/gestion-de-la-qualite\/\" aria-label=\"Gestion de la qualit\u00e9\"><img loading=\"lazy\" decoding=\"async\" width=\"481\" height=\"478\" src=\"https:\/\/daremtec.com\/daremtec\/wp-content\/uploads\/2017\/09\/conversation-copy-1.jpg\" class=\"attachment-large size-large wp-post-image\" alt=\"\" srcset=\"https:\/\/daremtec.com\/daremtec\/wp-content\/uploads\/2017\/09\/conversation-copy-1.jpg 481w, https:\/\/daremtec.com\/daremtec\/wp-content\/uploads\/2017\/09\/conversation-copy-1-300x298.jpg 300w, https:\/\/daremtec.com\/daremtec\/wp-content\/uploads\/2017\/09\/conversation-copy-1-150x150.jpg 150w\" sizes=\"auto, (max-width: 481px) 100vw, 481px\" \/><\/a><\/div><h2 class=\"w-post-elm post_title usg_post_title_1 woocommerce-loop-product__title color_link_inherit\"><a href=\"https:\/\/daremtec.com\/daremtec\/produit\/gestion-de-la-qualite\/\">Gestion de la qualit\u00e9<\/a><\/h2>\t\t<\/div>\r\n\t<\/article>\r\n\t<article class=\"w-grid-item size_1x1 post-997 product type-product status-publish has-post-thumbnail hentry product_cat-telecharger-des-formations\" data-id=\"997\">\r\n\t\t<div class=\"w-grid-item-h\">\r\n\t\t\t\t\t\t<div class=\"w-post-elm post_image usg_post_image_1 stretched\"><a href=\"https:\/\/daremtec.com\/daremtec\/produit\/conduite-du-changement-2\/\" aria-label=\"Conduite du  changement\"><img loading=\"lazy\" decoding=\"async\" width=\"481\" height=\"478\" src=\"https:\/\/daremtec.com\/daremtec\/wp-content\/uploads\/2017\/09\/conversation-copy-1.jpg\" class=\"attachment-large size-large wp-post-image\" alt=\"\" srcset=\"https:\/\/daremtec.com\/daremtec\/wp-content\/uploads\/2017\/09\/conversation-copy-1.jpg 481w, https:\/\/daremtec.com\/daremtec\/wp-content\/uploads\/2017\/09\/conversation-copy-1-300x298.jpg 300w, https:\/\/daremtec.com\/daremtec\/wp-content\/uploads\/2017\/09\/conversation-copy-1-150x150.jpg 150w\" sizes=\"auto, (max-width: 481px) 100vw, 481px\" \/><\/a><\/div><h2 class=\"w-post-elm post_title usg_post_title_1 woocommerce-loop-product__title color_link_inherit\"><a href=\"https:\/\/daremtec.com\/daremtec\/produit\/conduite-du-changement-2\/\">Conduite du  changement<\/a><\/h2>\t\t<\/div>\r\n\t<\/article>\r\n\t<article class=\"w-grid-item size_1x1 post-996 product type-product status-publish has-post-thumbnail hentry product_cat-telecharger-des-formations\" data-id=\"996\">\r\n\t\t<div class=\"w-grid-item-h\">\r\n\t\t\t\t\t\t<div class=\"w-post-elm post_image usg_post_image_1 stretched\"><a href=\"https:\/\/daremtec.com\/daremtec\/produit\/gestion-strategique-et-mesure-de-la-performance\/\" aria-label=\"Gestion strat\u00e9gique et  mesure de la performance\"><img loading=\"lazy\" decoding=\"async\" width=\"481\" height=\"478\" src=\"https:\/\/daremtec.com\/daremtec\/wp-content\/uploads\/2017\/09\/conversation-copy-1.jpg\" class=\"attachment-large size-large wp-post-image\" alt=\"\" srcset=\"https:\/\/daremtec.com\/daremtec\/wp-content\/uploads\/2017\/09\/conversation-copy-1.jpg 481w, https:\/\/daremtec.com\/daremtec\/wp-content\/uploads\/2017\/09\/conversation-copy-1-300x298.jpg 300w, https:\/\/daremtec.com\/daremtec\/wp-content\/uploads\/2017\/09\/conversation-copy-1-150x150.jpg 150w\" sizes=\"auto, (max-width: 481px) 100vw, 481px\" \/><\/a><\/div><h2 class=\"w-post-elm post_title usg_post_title_1 woocommerce-loop-product__title color_link_inherit\"><a href=\"https:\/\/daremtec.com\/daremtec\/produit\/gestion-strategique-et-mesure-de-la-performance\/\">Gestion strat\u00e9gique et  mesure de la performance<\/a><\/h2>\t\t<\/div>\r\n\t<\/article>\r\n<\/div><div class=\"w-grid-preloader\"><div class=\"g-preloader type_1\">\r\n\t<div><\/div>\r\n<\/div>\r\n<\/div>\t<div class=\"w-grid-json hidden\" onclick='return {&quot;action&quot;:&quot;us_ajax_grid&quot;,&quot;ajax_url&quot;:&quot;https:\\\/\\\/daremtec.com\\\/daremtec\\\/wp-admin\\\/admin-ajax.php&quot;,&quot;infinite_scroll&quot;:0,&quot;max_num_pages&quot;:1,&quot;pagination&quot;:&quot;none&quot;,&quot;permalink_url&quot;:&quot;https:\\\/\\\/daremtec.com\\\/daremtec\\\/wp-json\\\/wp\\\/v2\\\/pages\\\/30&quot;,&quot;template_vars&quot;:{&quot;columns&quot;:&quot;3&quot;,&quot;exclude_items&quot;:&quot;none&quot;,&quot;img_size&quot;:&quot;default&quot;,&quot;ignore_items_size&quot;:0,&quot;items_layout&quot;:&quot;blog_1&quot;,&quot;items_offset&quot;:&quot;1&quot;,&quot;load_animation&quot;:&quot;none&quot;,&quot;overriding_link&quot;:&quot;none&quot;,&quot;post_id&quot;:677,&quot;query_args&quot;:{&quot;post_type&quot;:[&quot;product&quot;],&quot;tax_query&quot;:[{&quot;taxonomy&quot;:&quot;product_cat&quot;,&quot;field&quot;:&quot;slug&quot;,&quot;terms&quot;:[&quot;telecharger-des-formations&quot;]},{&quot;taxonomy&quot;:&quot;product_visibility&quot;,&quot;field&quot;:&quot;slug&quot;,&quot;terms&quot;:[&quot;exclude-from-catalog&quot;],&quot;operator&quot;:&quot;NOT IN&quot;}],&quot;post_status&quot;:[&quot;publish&quot;],&quot;meta_query&quot;:[],&quot;posts_per_page&quot;:&quot;10&quot;},&quot;orderby_query_args&quot;:{&quot;orderby&quot;:{&quot;date&quot;:&quot;DESC&quot;}},&quot;type&quot;:&quot;grid&quot;,&quot;us_grid_ajax_index&quot;:1,&quot;us_grid_filter_params&quot;:null,&quot;us_grid_index&quot;:2,&quot;_us_grid_post_type&quot;:&quot;product&quot;}}'><\/div>\r\n\t<\/div><\/div><\/div><\/div><\/div><\/div><\/section>\n","protected":false},"excerpt":{"rendered":"Pr\u00e9sentation du cours Ce cours offre aux participants l\u2019opportunit\u00e9 d\u2019approfondir les fondements th\u00e9oriques de la gestion strat\u00e9gique et de la mesure de la performance organisationnelle. Et ce, dans le contexte actuel de mondialisation et de forte intensit\u00e9 concurrentielle. Cet enseignement met l'accent sur deux outils et syst\u00e8mes de planification et de pilotage strat\u00e9gique, \u00e0 savoir...","protected":false},"author":1,"featured_media":0,"parent":0,"menu_order":0,"comment_status":"closed","ping_status":"closed","template":"","meta":{"footnotes":""},"class_list":["post-30","page","type-page","status-publish","hentry"],"_links":{"self":[{"href":"https:\/\/daremtec.com\/daremtec\/wp-json\/wp\/v2\/pages\/30","targetHints":{"allow":["GET"]}}],"collection":[{"href":"https:\/\/daremtec.com\/daremtec\/wp-json\/wp\/v2\/pages"}],"about":[{"href":"https:\/\/daremtec.com\/daremtec\/wp-json\/wp\/v2\/types\/page"}],"author":[{"embeddable":true,"href":"https:\/\/daremtec.com\/daremtec\/wp-json\/wp\/v2\/users\/1"}],"replies":[{"embeddable":true,"href":"https:\/\/daremtec.com\/daremtec\/wp-json\/wp\/v2\/comments?post=30"}],"version-history":[{"count":12,"href":"https:\/\/daremtec.com\/daremtec\/wp-json\/wp\/v2\/pages\/30\/revisions"}],"predecessor-version":[{"id":3761,"href":"https:\/\/daremtec.com\/daremtec\/wp-json\/wp\/v2\/pages\/30\/revisions\/3761"}],"wp:attachment":[{"href":"https:\/\/daremtec.com\/daremtec\/wp-json\/wp\/v2\/media?parent=30"}],"curies":[{"name":"wp","href":"https:\/\/api.w.org\/{rel}","templated":true}]}}