{"id":26,"date":"2023-01-13T10:14:42","date_gmt":"2023-01-13T10:14:42","guid":{"rendered":"https:\/\/daremtec.com\/daremtec\/?page_id=26"},"modified":"2023-02-03T15:07:11","modified_gmt":"2023-02-03T15:07:11","slug":"balanced-scorecard-et-pilotage-de-la-responsabilite-sociale-de-lentreprise","status":"publish","type":"page","link":"https:\/\/daremtec.com\/daremtec\/balanced-scorecard-et-pilotage-de-la-responsabilite-sociale-de-lentreprise\/","title":{"rendered":"Balanced scorecard et pilotage de la responsabilit\u00e9 sociale de l\u2019entreprise"},"content":{"rendered":"<section class=\"l-section wpb_row height_small\"><div class=\"l-section-h i-cf\"><div class=\"g-cols vc_row via_flex valign_top type_default stacking_default\"><div class=\"vc_col-sm-12 wpb_column vc_column_container\"><div class=\"vc_column-inner\"><div class=\"wpb_wrapper\">[vc_custom_heading text=&#8221;Balanced scorecard et pilotage de la responsabilit\u00e9 sociale de l&#8217;entreprise&#8221; font_container=&#8221;tag:h1|text_align:center&#8221; use_theme_fonts=&#8221;yes&#8221; el_class=&#8221;cus-center-tag&#8221;]<\/div><\/div><\/div><\/div><\/div><\/section><section class=\"l-section wpb_row height_small\"><div class=\"l-section-h i-cf\"><div class=\"g-cols vc_row via_flex valign_top type_default stacking_default\"><div class=\"vc_col-sm-12 wpb_column vc_column_container\"><div class=\"vc_column-inner\"><div class=\"wpb_wrapper\"><div class=\"w-image align_center\"><div class=\"w-image-h\"><img loading=\"lazy\" decoding=\"async\" width=\"1040\" height=\"405\" src=\"https:\/\/daremtec.com\/daremtec\/wp-content\/uploads\/2023\/01\/5-fr.jpg\" class=\"attachment-full size-full\" alt=\"\" srcset=\"https:\/\/daremtec.com\/daremtec\/wp-content\/uploads\/2023\/01\/5-fr.jpg 1040w, https:\/\/daremtec.com\/daremtec\/wp-content\/uploads\/2023\/01\/5-fr-300x117.jpg 300w, https:\/\/daremtec.com\/daremtec\/wp-content\/uploads\/2023\/01\/5-fr-1024x399.jpg 1024w, https:\/\/daremtec.com\/daremtec\/wp-content\/uploads\/2023\/01\/5-fr-600x234.jpg 600w\" sizes=\"auto, (max-width: 1040px) 100vw, 1040px\" \/><\/div><\/div>[vc_custom_heading text=&#8221;COMMENT AMELIORER L\u2019EXECUTION DE VOTRE STRATEGIE ?&#8221; font_container=&#8221;tag:h6|text_align:center&#8221; use_theme_fonts=&#8221;yes&#8221;]<div class=\"wpb_text_column us_custom_29f6d296 cus-font-change has_text_color\"><div class=\"wpb_wrapper\"><p>\u201cQue la strat\u00e9gie soit belle, c\u2019est un fait, mais n\u2019oubliez pas de regarder le r\u00e9sultat.\u201d<\/p>\n<\/div><\/div><div class=\"g-cols wpb_row us_custom_af6a9b6a cus-bussbess-section via_flex valign_top type_default stacking_default\"><div class=\"vc_col-sm-4 wpb_column vc_column_container\"><div class=\"vc_column-inner\"><div class=\"wpb_wrapper\">[vc_custom_heading text=&#8221;Pourquoi vous devriez avoir un tableau de bord prospectif de d\u00e9veloppement durable?&#8221; font_container=&#8221;tag:h5|text_align:center&#8221; use_theme_fonts=&#8221;yes&#8221; css=&#8221;%7B%22default%22%3A%7B%22font-weight%22%3A%22700%22%7D%7D&#8221;]<div class=\"wpb_text_column\"><div class=\"wpb_wrapper\"><p style=\"text-align: center;\">Parce que si 100 % des entreprises ont une strat\u00e9gie, seulement 10% arrivent \u00e0 l\u2019impl\u00e9menter.<\/p>\n<ul class=\"cus-values-ul\">\n<li>90% des organisations n\u2019arrivent pas \u00e0 impl\u00e9menter leur strat\u00e9gie et font faillite apr\u00e8s les 5 premi\u00e8res ann\u00e9es.<\/li>\n<li>95% de la main-d\u2019\u0153uvre ne comprennent pas la strat\u00e9gie de l\u2019organisation,<\/li>\n<li>86% des cadres passent moins d\u2019une heure par mois \u00e0 discuter de la strat\u00e9gie,<\/li>\n<li>60% des organisations ne lient pas la strat\u00e9gie \u00e0 l\u2019\u00e9laboration du budget.<\/li>\n<\/ul>\n<\/div><\/div><\/div><\/div><\/div><div class=\"vc_col-sm-4 wpb_column vc_column_container\"><div class=\"vc_column-inner\"><div class=\"wpb_wrapper\">[vc_custom_heading text=&#8221;Comment fonctionne la solution logicielle du tableau de bord strat\u00e9gique?&#8221; font_container=&#8221;tag:h5|text_align:center&#8221; use_theme_fonts=&#8221;yes&#8221; css=&#8221;%7B%22default%22%3A%7B%22font-weight%22%3A%22700%22%7D%7D&#8221;]<div class=\"wpb_text_column\"><div class=\"wpb_wrapper\"><p style=\"text-align: center;\">Le tableau de bord prospectif de d\u00e9veloppement durable est une solution logicielle de Business Intelligence :<\/p>\n<ul class=\"cus-values-ul\">\n<li>Syst\u00e8me facile et compr\u00e9hensible de pilotage de la strat\u00e9gie et de la performance de l\u2019organisation \u00e0 partir d\u2019un seul endroit<\/li>\n<li>Puissant outil de mobilisation de tous et de conduite du changement<\/li>\n<li>Interface intuitive, et analyses en profondeur personnalisables<\/li>\n<li>Solutions adapt\u00e9es aux tablettes et aux portables\u00a0: Pilotage et gestion de la performance \u00a0n\u2019importe o\u00f9, n\u2019importe quand et en temps r\u00e9el.<\/li>\n<li>60% des organisations ne lient pas la strat\u00e9gie \u00e0 l\u2019\u00e9laboration du budget.<\/li>\n<\/ul>\n<\/div><\/div><\/div><\/div><\/div><div class=\"vc_col-sm-4 wpb_column vc_column_container\"><div class=\"vc_column-inner\"><div class=\"wpb_wrapper\">[vc_custom_heading text=&#8221;\u00c9conomisez de l\u2019argent, gagnez du temps et r\u00e9ussissez!&#8221; font_container=&#8221;tag:h5|text_align:center&#8221; use_theme_fonts=&#8221;yes&#8221; css=&#8221;%7B%22default%22%3A%7B%22font-weight%22%3A%22700%22%7D%7D&#8221;]<div class=\"wpb_text_column\"><div class=\"wpb_wrapper\"><p style=\"text-align: center;\">L\u2019adoption du tableau de bord \u00e9quilibr\u00e9 de d\u00e9veloppement durable comporte de nombreux avantages, il permet :<\/p>\n<ul class=\"cus-values-ul\">\n<li>Une meilleure communication et mobilisation des acteurs gr\u00e2ce \u00e0 l\u2019int\u00e9gration des 3 dimensions de la durabilit\u00e9 \u00e9conomie, sociale et environnementale)<\/li>\n<li>La r\u00e9duction des risques et des co\u00fbts gr\u00e2ce \u00e0 un meilleur pilotage de la performance organisationnelle<\/li>\n<li>Les relations de cause \u00e0 effet entre les mesures et les 5 perspectives (apprentissage et d\u00e9veloppement, environnement, processus internes, clients et finance).<\/li>\n<\/ul>\n<\/div><\/div><\/div><\/div><\/div><\/div><div class=\"g-cols wpb_row us_custom_0f8f44b7 via_flex valign_top type_default stacking_default\"><div class=\"vc_col-sm-12 wpb_column vc_column_container\"><div class=\"vc_column-inner\"><div class=\"wpb_wrapper\"><div class=\"w-hwrapper us_custom_9181acd9 align_left valign_stretch\" style=\"--hwrapper-gap:1.5rem\">[vc_custom_heading text=&#8221;CONCEPTION ET IMPL\u00c9MENTATION DE TABLEAUX DE BORD DE BUSINESS INTELLIGENCE<br \/>\n(2 \u2013 5 JOURS DE TRAVAIL)&#8221; font_container=&#8221;tag:h5|text_align:left&#8221; use_theme_fonts=&#8221;yes&#8221;][vc_custom_heading text=&#8221;CHF800.00 par Jour&#8221; font_container=&#8221;tag:h5|text_align:left&#8221; use_theme_fonts=&#8221;yes&#8221; css=&#8221;%7B%22default%22%3A%7B%22padding-top%22%3A%220%22%7D%7D&#8221;]<\/div><div class=\"w-btn-wrapper align_center\"><a class=\"w-btn us-btn-style_1 icon_atright\" title=\"Contact\" href=\"https:\/\/daremtec.com\/daremtec\/contact\/\"><span class=\"w-btn-label\">Quelque soient vos besoins, contactez-nous aujourd\u2019hui et organisons une consultation gratuite !<\/span><i class=\"fas fa-fas fa-angle-right\"><\/i><\/a><\/div><\/div><\/div><\/div><\/div><\/div><\/div><\/div><\/div><\/div><\/section>\n","protected":false},"excerpt":{"rendered":"[vc_custom_heading text=\"Balanced scorecard et pilotage de la responsabilit\u00e9 sociale de l'entreprise\" font_container=\"tag:h1|text_align:center\" use_theme_fonts=\"yes\" el_class=\"cus-center-tag\"][vc_custom_heading text=\"COMMENT AMELIORER L\u2019EXECUTION DE VOTRE STRATEGIE ?\" font_container=\"tag:h6|text_align:center\" use_theme_fonts=\"yes\"]\u201cQue la strat\u00e9gie soit belle, c\u2019est un fait, mais n\u2019oubliez pas de regarder le r\u00e9sultat.\u201d [vc_custom_heading text=\"Pourquoi vous devriez avoir un tableau de bord prospectif de d\u00e9veloppement durable?\" font_container=\"tag:h5|text_align:center\" use_theme_fonts=\"yes\" css=\"%7B%22default%22%3A%7B%22font-weight%22%3A%22700%22%7D%7D\"]Parce que si...","protected":false},"author":1,"featured_media":0,"parent":0,"menu_order":0,"comment_status":"closed","ping_status":"closed","template":"","meta":{"footnotes":""},"class_list":["post-26","page","type-page","status-publish","hentry"],"_links":{"self":[{"href":"https:\/\/daremtec.com\/daremtec\/wp-json\/wp\/v2\/pages\/26","targetHints":{"allow":["GET"]}}],"collection":[{"href":"https:\/\/daremtec.com\/daremtec\/wp-json\/wp\/v2\/pages"}],"about":[{"href":"https:\/\/daremtec.com\/daremtec\/wp-json\/wp\/v2\/types\/page"}],"author":[{"embeddable":true,"href":"https:\/\/daremtec.com\/daremtec\/wp-json\/wp\/v2\/users\/1"}],"replies":[{"embeddable":true,"href":"https:\/\/daremtec.com\/daremtec\/wp-json\/wp\/v2\/comments?post=26"}],"version-history":[{"count":18,"href":"https:\/\/daremtec.com\/daremtec\/wp-json\/wp\/v2\/pages\/26\/revisions"}],"predecessor-version":[{"id":3768,"href":"https:\/\/daremtec.com\/daremtec\/wp-json\/wp\/v2\/pages\/26\/revisions\/3768"}],"wp:attachment":[{"href":"https:\/\/daremtec.com\/daremtec\/wp-json\/wp\/v2\/media?parent=26"}],"curies":[{"name":"wp","href":"https:\/\/api.w.org\/{rel}","templated":true}]}}